ose -82*f = -88*f + 18. Suppose -4*g = 4*u - 116, 0 = -2*u + f*g + 11 + 47. Suppose u*s + 613 = 30*s. Is s prime?
True
Let d(q) be the third derivative of -7*q**4/4 + 13*q**3/6 - 2*q**2. Let s(b) = -42*b + 13. Let u(i) = 2*d(i) - 3*s(i). Is u(11) a prime number?
True
Let d(k) = 177*k. Let c be d(2). Suppose -58*p + 92 + 140 = 0. Suppose 2*o = p*o - c. Is o prime?
False
Suppose -4*g - 2*d = -11864, 2*d - 3987 = -2*g + 1941. Let l = 10019 - g. Is l composite?
True
Let p = -7 + 12. Let n(y) = 22*y**2 - 2*y - 8. Let r be n(p). Suppose 3*a - r = 1697. Is a a prime number?
True
Let b(l) = 85762*l + 2561. Is b(8) a prime number?
True
Suppose 0 = -4*b - 5397 + 94333. Let r = -8441 + b. Suppose 2*c + r = 15*c. Is c prime?
True
Suppose 0 = 8*h - 6*h - 31756. Suppose -3*m = -6*v + 4*v - h, -v = -m + 5292. Suppose -m = -5*u - 1839. Is u prime?
True
Suppose -2*i + 100366 = 3*i + 4*d, 0 = i + 3*d - 20071. Is i a prime number?
False
Suppose -269259 - 364376 + 2315126 = 21*i. Is i composite?
False
Let t(u) = -u**3 - 4*u**2 + 33*u + 21. Let d be t(-10). Is d - 5/((-5)/2) composite?
False
Let w = 13149 - -49598. Is w composite?
True
Let c = -82 - -89. Let n be c/(-7) + (1 - 12). Let m(z) = 25*z**2 - 21*z - 21. Is m(n) prime?
False
Let u(p) = -p**3 + p**2 + 2*p - 1. Let x be u(2). Let g = -1613 + 6661. Is x/((-5)/15*12/g) prime?
False
Suppose g = 5*g - 16. Suppose -g*t - 3*y = -7751, 1 = -y + 2*y. Suppose 0 = 2*n - t + 199. Is n a composite number?
True
Suppose 0 = 19*s - 3302 - 1543. Suppose 0 = -s*z + 258*z - 16539. Is z composite?
True
Suppose 4*a = -2*f + 10490, f + 3*a + 10483 = 3*f. Suppose x - f = -5*z - x, z - 5*x = 1054. Suppose o + 4*b = z, -3*o = b + b - 3147. Is o composite?
False
Let x be (-4 - 0 - 11)*(-10)/25. Suppose 9*p - x*p - 80461 = b, 3*b = 2*p - 53636. Is p composite?
False
Is (-11 + 28 - 16)*318863 a composite number?
False
Let k be 0/((1 - 5)/((-6)/(-6))). Suppose 48*r - 49*r + 914 = k. Is r a prime number?
False
Let b(f) = -2*f**3 - 47*f + 699 - f**2 + 50*f + f**3. Is b(0) a composite number?
True
Suppose -5*n = 4*j - 273, -5*j - 2*n + 258 = -j. Suppose 3*m + j = -94. Let u = m + 263. Is u a composite number?
False
Let y(z) = 240*z**2 + 2*z + 3. Suppose 4*c + 50 = -c. Let p be c/3 + 11/33. Is y(p) prime?
False
Suppose 0 = -2*w + o + 6, 5*o - 30 = -24*w + 19*w. Suppose 0 = -11*p + 8*p - w*c + 47359, -2*p = -3*c - 31550. Is p composite?
True
Suppose -24*d = -17*d - 100996. Is (-10)/(20/(-8) - (-36062)/d) a composite number?
True
Let p be (10 - 20)/(5/(-2)). Suppose -536 = -a - p*h + h, -524 = -a + h. Is a a prime number?
False
Let k = 89 - 80. Let y = -31 - -36. Suppose 0 = 5*u - w - 3999, -1578 = -k*u + 7*u - y*w. Is u a prime number?
False
Let n(j) = 8*j**2 - 4*j + 18. Let p(o) = o**3 + 10*o**2 + 12. Let l be p(-10). Let g be n(l). Let z = g - 344. Is z composite?
True
Let c(v) = 6*v - 26. Let h be c(5). Let w(j) = 1635*j + 7. Is w(h) a prime number?
True
Suppose -8*x - 2*d = -4*x - 17800, -2*d - 4455 = -x. Suppose 3*j = 2*l - 886 - 883, 2*j = -5*l + x. Is l composite?
True
Let x(q) = 51*q**3 + 9*q**2 - 59*q + 201. Is x(13) prime?
False
Suppose -4*c + n = -41633, -4*n + 27589 + 24426 = 5*c. Let g = c + -5060. Is g composite?
False
Suppose 4*a - 5*v - 742362 = 0, -6*a - 3*v = -8*a + 371180. Is a composite?
False
Let r = -5293 + 18981. Suppose 0 = -k + r + 5661. Is k a prime number?
False
Is ((-2)/(-8))/(15/1459020) composite?
False
Suppose 10*p - 829 - 3891 = 0. Suppose -4*x + p + 448 = 0. Suppose -889 - x = -3*n - 2*s, -2*s + 6 = 0. Is n prime?
False
Is -68 + 46634 + (-12 - -1) a prime number?
False
Let m(f) = -3*f**3 - 8*f**2 - 9*f - 9. Let c(k) = -k**2 - 15*k + 15. Let i be c(-16). Let n be -7 + -2 - 4*(-2 - i). Is m(n) a prime number?
True
Let d = 802577 + -440206. Is d a composite number?
False
Let d = 243 - 238. Suppose 30678 = 3*f - d*k, -3*k + 51096 = 29*f - 24*f. Is f a prime number?
False
Suppose q + 4*q = 20. Suppose -4*n = 3*a + a - 16, 3*a = q*n + 12. Suppose a*f + 1968 = 4*w, -8*w + 1973 = -4*w + f. Is w composite?
True
Let q be 1/1*-582*5/(-10). Let m = 68 + q. Is m composite?
False
Let o = -3079 + 117. Let s = o + 6417. Is s composite?
True
Let u(p) = p**3 + 19*p**2 + 4. Let m be u(-19). Suppose -6*z - 5*w - 22 = -3*z, -5*z = -m*w + 12. Is (z/4)/(-2 + 16802/8402) composite?
False
Suppose -3*a - 315840 = -p - 950061, -2*a + 5*p = -422788. Is a prime?
False
Let h be (-11)/(66/36) + 9. Suppose 5*b - 2199 = -n, 20 = 2*b + h*b. Is n a composite number?
False
Let g = 321 + -321. Suppose g = -f + 4*x + 1436 + 7397, -5*x = 25. Is f a composite number?
True
Let t(k) be the first derivative of -k**5/60 + 1069*k**4/24 + 2*k**3/3 + 11. Let z(x) be the third derivative of t(x). Is z(0) a prime number?
True
Let t be 8 + (-1 + -3)/2. Let v = 590 + -411. Suppose -5*r + t = -v. Is r prime?
True
Let y(v) = v**3 + 12*v**2 + 12*v + 19. Let w(b) = 4*b + 16. Let k be w(-7). Let q be y(k). Let n = q - -666. Is n a prime number?
True
Is (20 + 1081/(-46))*(-673954)/7 prime?
True
Let q = -43343 + 85984. Is q a composite number?
False
Let z(a) be the second derivative of 421*a**3/3 + 207*a**2/2 - 4*a - 12. Is z(50) prime?
True
Let n(t) = 2*t + 1. Let y(v) = -296*v + 148. Let z(m) = -5*n(m) - y(m). Is z(6) a prime number?
False
Let x(b) = 12*b**2 - 7*b + 4. Suppose -m = 5*v, m - 6 = -m - 4*v. Let j(g) = 2*g**2 - 9*g + 2. Let o be j(m). Is x(o) prime?
False
Let a(r) be the first derivative of 3*r**3 + 27*r**2/2 + 19*r + 4. Is a(-12) composite?
False
Suppose 15*t - 4*t = 2*a + 1121335, 0 = -2*a - 6. Is t a composite number?
False
Let o = 1163 + 243. Suppose 13*a + 3740 = 9*a. Let f = o + a. Is f composite?
True
Let v(w) = 3*w - 31. Let j be v(11). Suppose q - 2*q = -j*g + 13, 3*g - q - 17 = 0. Is g + (-26)/(-169) + 48163/13 a composite number?
False
Suppose -3 = -2*w + 3. Suppose w - 7 = -i. Suppose -s - 6735 = -5*t + i*s, t + 2*s = 1341. Is t a prime number?
False
Let t be (3 - 44/20)*(-430)/4. Let c = t + 763. Is c a prime number?
True
Let h be 5 + -3 - (-21807 - (-1 - -6)). Suppose 5*p - h = 321. Is p a prime number?
False
Let f be -2 + 1 + -34*9/(-2). Let y = -230 + 136. Let z = f + y. Is z a composite number?
True
Suppose 3*y + 5*j - 128014 = 0, 17*y = 22*y - 5*j - 213370. Is y composite?
True
Is 5517/1 - 80/8 a composite number?
False
Let u = 325 - 496. Let p = u - -257. Is p a prime number?
False
Suppose c + c = -3*d + 209, -d - 229 = -2*c. Let n be ((2 + 1338)/4)/1 - 0. Let q = n - c. Is q a prime number?
True
Let n be (78/(-26))/(-2 + (-38)/(-22)). Suppose -21*p + 676448 = n*p. Is p composite?
False
Suppose 2*n - 4*c = 6, -6*c + 3*c - 8 = -2*n. Suppose 53 = n*g + 4. Suppose g*q - 3614 = 6963. Is q prime?
True
Suppose -5*k - 3*f + 2*f - 5 = 0, 3*f = 5*k - 15. Suppose k = -2*q + 23 - 13. Suppose -q*m + 16355 = -0*m. Is m a prime number?
True
Is (556/(-417))/(4/(-1032261)) a prime number?
False
Let k = -18011 + 233850. Is k a prime number?
False
Let f = 4905 - 1336. Let x = -522 + f. Is x prime?
False
Let q = 1075872 + -406829. Is q a composite number?
True
Let p = 264578 - 44455. Is p a prime number?
True
Let a be 0 + 37057 + (13 - 11). Suppose -6*i - 6111 = -a. Is i a composite number?
True
Let q(g) = 5*g**3 + g**2 - 3*g + 1. Let b be q(1). Suppose -b*u = -4*f - 2*u + 29738, -f + 3*u = -7442. Is f prime?
True
Let d = -70 + 72. Suppose -2*i = -7*i + z + 16, -5*z = i + d. Suppose 0 = 3*o + i*n - 2361, 0*o + 3935 = 5*o + 2*n. Is o a prime number?
True
Suppose -5*i - 4 = 3*l, 2*i = 2*l + 3*i - 2. Suppose -3*j - 15 = 0, l*m = 4*m + j + 13. Is ((-10)/6 + 1)/(m/966) a composite number?
True
Let i be (0/5)/(0 + -1) + 188. Suppose -i*d + 28895 = -183*d. Is d a composite number?
False
Let r = 36695 + -21915. Let j = r - 10407. Is j composite?
False
Suppose -3*t = 2 - 14, 2*l = -3*t + 706. Suppose -2*k + l = -4587. Is k a prime number?
True
Is (-180553724)/(-676) - (-4)/(-13) a composite number?
True
Suppose -4*x - 3*w = -267856, -193635 = -3*x + 2*w + 7240. Is x a composite number?
True
Let q(z) = 3635*z - 712. Is q(19) a composite number?
True
Suppose 0 = 3*c + 5*x - 29, -5*c + 5*x = -66 - 9. Let a be (-5)/((-20)/(-8)) + -4 + c. Suppose 10535 - 30184 = -a*t. Is t a prime number?
False
Let d be (4/(-3))/((-13)/39) - 2. Suppose 20 = -4*g, -4*z + 0*g 